7 a prime number?
True
Is 176502713 prime?
False
Is 515332663 a prime number?
True
Is 35358908393 prime?
False
Is 133763741983 a prime number?
False
Is 63581011363 prime?
True
Is 4728000721 prime?
True
Is 77051512757 a composite number?
True
Is 213536885 composite?
True
Is 263434181 a prime number?
False
Is 103934507 composite?
True
Is 1738464449 composite?
False
Is 564578629 composite?
False
Is 58808731 a composite number?
False
Is 4891086329 composite?
False
Is 1406095169 composite?
True
Is 63529558727 a composite number?
False
Is 113427201493 a prime number?
True
Is 5439940327 a prime number?
True
Is 14639136893 prime?
False
Is 4673964979 a composite number?
False
Is 4907237057 a composite number?
False
Is 30157911787 a composite number?
True
Is 19543057 a composite number?
False
Is 17936321671 composite?
True
Is 781842973 a prime number?
False
Is 5145157555 prime?
False
Is 1100193971 a prime number?
True
Is 5302906751 composite?
False
Is 7030456223 composite?
True
Is 1198138787 prime?
False
Is 1759552409 a composite number?
True
Is 838049767 a composite number?
False
Is 4695532349 a composite number?
True
Is 14439716573 a prime number?
True
Is 442976935 a prime number?
False
Is 30131765597 a composite number?
False
Is 5697614639 prime?
False
Is 55860058301 prime?
False
Is 4908133109 a prime number?
False
Is 1629153829 prime?
False
Is 29789714683 composite?
True
Is 15152798797 a composite number?
True
Is 107679129911 a prime number?
True
Is 262857389 a prime number?
True
Is 14473324531 a composite number?
True
Is 20992862551 prime?
False
Is 904394161 a prime number?
False
Is 45490454057 a composite number?
False
Is 15564217 prime?
True
Is 7708931122 a prime number?
False
Is 42115485859 composite?
True
Is 1900356803 a composite number?
False
Is 512824021733 composite?
False
Is 1741332233 prime?
True
Is 1626498931 a composite number?
False
Is 18540606115 a composite number?
True
Is 4653699793 a composite number?
True
Is 15410949731 composite?
False
Is 3006661685 a composite number?
True
Is 307210817 composite?
True
Is 7000126667 a composite number?
False
Is 57265785039 composite?
True
Is 6688057681 a composite number?
False
Is 78041419 prime?
True
Is 3968946313 a composite number?
True
Is 4823681309 a prime number?
True
Is 302645107 prime?
False
Is 144968408077 composite?
True
Is 3369861349 a prime number?
True
Is 26307053987 prime?
True
Is 29131532833 composite?
True
Is 15653410061 a prime number?
True
Is 1400719961 composite?
False
Is 36245597357 a composite number?
False
Is 103186572583 a composite number?
True
Is 40547921503 prime?
True
Is 481816757 a composite number?
False
Is 10054264327 prime?
True
Is 13204174 a composite number?
True
Is 1428544981 prime?
True
Is 4200503959 prime?
True
Is 24393327601 a composite number?
True
Is 231555374381 prime?
True
Is 1813151533 composite?
True
Is 4328385965 composite?
True
Is 79305128557 prime?
True
Is 354994121 a prime number?
False
Is 1209452819 a composite number?
False
Is 31469179307 a prime number?
True
Is 649000969 prime?
False
Is 1787953259 prime?
True
Is 5993683303 a prime number?
True
Is 10628533049 a composite number?
False
Is 1358414507 a composite number?
False
Is 1919037641 a composite number?
False
Is 8690463241 composite?
False
Is 62673423965 a prime number?
False
Is 34047602879 a prime number?
False
Is 437125760063 a prime number?
True
Is 93912659087 composite?
True
Is 6032120729 prime?
False
Is 82794581423 a composite number?
True
Is 7476895847 a composite number?
False
Is 223779349 a composite number?
True
Is 217213853 prime?
False
Is 677739365 prime?
False
Is 41987409349 a composite number?
True
Is 15501678671 a prime number?
True
Is 2887374817 composite?
True
Is 1561740143 composite?
True
Is 1934541151 a prime number?
True
Is 3669184937 composite?
True
Is 7976386039 a prime number?
False
Is 975578521 a composite number?
False
Is 2170189793 prime?
True
Is 39484457 a composite number?
True
Is 13778476667 prime?
True
Is 250034459 prime?
True
Is 11020744283 composite?
False
Is 11929631257 composite?
False
Is 34333109 a composite number?
True
Is 1738203119 a composite number?
False
Is 23652311 prime?
True
Is 1307749265 composite?
True
Is 86103154447 prime?
True
Is 89711065687 prime?
False
Is 1416193301 a prime number?
True
Is 251757491 a prime number?
True
Is 67986796118 prime?
False
Is 274846466311 prime?
False
Is 6006813103 a composite number?
True
Is 158895403 composite?
False
Is 8420529263 prime?
True
Is 83815073 prime?
True
Is 30064621 a composite number?
True
Is 115646325259 a prime number?
False
Is 28029267867 composite?
True
Is 6555656981 composite?
False
Is 1931969269 prime?
True
Is 1264304627 a composite number?
False
Is 99688243 composite?
True
Is 167810609 a prime number?
False
Is 5265161713 a prime number?
False
Is 683653063 a composite number?
False
Is 35250690533 a composite number?
True
Is 3457218263 a prime number?
True
Is 45562353283 prime?
True
Is 418317001 composite?
False
Is 233720303 composite?
True
Is 3348890329 composite?
False
Is 15164487937 a composite number?
True
Is 10157976991 a composite number?
False
Is 1051668041 a prime number?
True
Is 16154297 composite?
False
Is 279396350819 a composite number?
True
Is 1577640401 prime?
True
Is 568582291 composite?
True
Is 1895485289 composite?
False
Is 78278131427 a composite number?
False
Is 21147023789 a composite number?
False
Is 191169280193 a prime number?
False
Is 207659183573 a composite number?
True
Is 11554608089 composite?
True
Is 14310519259 composite?
False
Is 5928525613 a composite number?
False
Is 3247312637 a prime number?
True
Is 12797317261 prime?
True
Is 668294563 prime?
True
Is 264511981 prime?
True
Is 367895579 a composite number?
False
Is 33575244689 composite?
True
Is 48450261859 prime?
True
Is 6909165817 composite?
True
Is 15674262701 a composite number?
True
Is 14782401593 prime?
False
Is 25801002337 prime?
False
Is 372973129 a prime number?
False
Is 6369749797 a prime number?
False
Is 1003408909 a prime number?
False
Is 7358750411 prime?
False
Is 1574336537 composite?
True
Is 4877588263 a prime number?
True
Is 1798511987 a prime number?
False
Is 585617257 prime?
False
Is 114741018803 composite?
True
Is 24541280609 prime?
True
Is 172494191 composite?
False
Is 320028541 a prime number?
False
Is 15033960211 a prime number?
False
Is 26238829181 composite?
False
Is 3534612937 prime?
True
Is 483513971 a prime number?
False
Is 127994256785 a prime number?
False
Is 31692390727 a composite number?
False
Is 8085547 composite?
False
Is 1221550457 prime?
True
Is 21826101671 prime?
False
Is 1127006599 a composite number?
False
Is 233297021 a composite number?
True
Is 654512227 a prime number?
False
Is 387176891 a composite number?
False
Is 48790601879 a composite number?
False
Is 37100034943 composite?
False
Is 1253910891 a prime number?
False
Is 4306335157 prime?
True
Is 44277320663 composite?
True
Is 3321596638 a prime number?
False
Is 4108474159 a composite number?
True
Is 7628381029 composite?
True
Is 25241875807 prime?
True
Is 343442657 a composite number?
False
Is 15447213409 composite?
False
Is 770383963 a prime number?
True
Is 6150520577 prime?
False
Is 8181292241 composite?
True
Is 22577688577 a composite number?
True
Is 34324790989 prime?
True
Is 407188345033 composite?
False
Is 10564625153 a prime number?
True
Is 74862671069 prime?
False
Is 2268069047 composite?
True
Is 3537483031 prime?
True
Is 243072023 prime?
False
Is 78155844379 a composite number?
False
Is 620547541 a composite number?
False
Is 1207724653 prime?
True
Is 1958870867 composite?
True
Is 804867277 composite?
False
Is 699339677 prime?
False
Is 14343757 a prime number?
False
Is 6049538399 composite?
False
Is 21676116953 prime?
False
Is 1236083689 prime?
False
Is 30985369939 a prime number?
False
Is 206635043 composite?
True
Is 4222271 prime?
False
Is 82966887217 prime?
True
Is 165743713 a prime number?
True
Is 7064785769 composite?
False
Is 4178055797 a composite number?
False
Is 43824061 a composite number?
True
Is 52946897569 composite?
False
Is 111389903 prime?
True
Is 14689235321 a prime number?
False
Is 832261147 composite?
False
Is 1714321321 a composite number?
True
Is 64487938547 composite?
False
Is 18185212699 a 